{"id":1257,"date":"2024-11-15T12:16:13","date_gmt":"2024-11-15T12:16:13","guid":{"rendered":"https:\/\/primaria-online.primaria.eu\/malu-cu-flori\/?page_id=1257"},"modified":"2024-12-02T07:51:46","modified_gmt":"2024-12-02T07:51:46","slug":"educatie","status":"publish","type":"page","link":"https:\/\/primaria-online.primaria.eu\/malu-cu-flori\/servicii-publice\/educatie\/","title":{"rendered":"Educatie"},"content":{"rendered":"<div class=\"fusion-fullwidth fullwidth-box fusion-builder-row-1 fusion-flex-container has-pattern-background has-mask-background nonhundred-percent-fullwidth non-hundred-percent-height-scrolling\" style=\"--awb-border-radius-top-left:0px;--awb-border-radius-top-right:0px;--awb-border-radius-bottom-right:0px;--awb-border-radius-bottom-left:0px;\" ><div class=\"fusion-builder-row fusion-row fusion-flex-align-items-flex-start\" style=\"max-width:1248px;margin-left: calc(-4% \/ 2 );margin-right: calc(-4% \/ 2 );\"><div class=\"fusion-layout-column fusion_builder_column fusion-builder-column-0 fusion_builder_column_1_3 1_3 fusion-flex-column\" style=\"--awb-bg-size:cover;--awb-width-large:33.333333333333%;--awb-margin-top-large:0px;--awb-spacing-right-large:5.76%;--awb-margin-bottom-large:20px;--awb-spacing-left-large:5.76%;--awb-width-medium:33.333333333333%;--awb-order-medium:0;--awb-spacing-right-medium:5.76%;--awb-spacing-left-medium:5.76%;--awb-width-small:100%;--awb-order-small:0;--awb-spacing-right-small:1.92%;--awb-spacing-left-small:1.92%;\"><div class=\"fusion-column-wrapper fusion-column-has-shadow fusion-flex-justify-content-flex-start fusion-content-layout-column\"><div class=\"fusion-image-element \" style=\"--awb-caption-title-font-family:var(--h2_typography-font-family);--awb-caption-title-font-weight:var(--h2_typography-font-weight);--awb-caption-title-font-style:var(--h2_typography-font-style);--awb-caption-title-size:var(--h2_typography-font-size);--awb-caption-title-transform:var(--h2_typography-text-transform);--awb-caption-title-line-height:var(--h2_typography-line-height);--awb-caption-title-letter-spacing:var(--h2_typography-letter-spacing);\"><span class=\" fusion-imageframe imageframe-none imageframe-1 hover-type-none\" class=\"image-magnify\" class=\"image-scroll\"><img decoding=\"async\" width=\"300\" height=\"300\" title=\"educatie3\" src=\"https:\/\/primaria-online.primaria.eu\/malu-cu-flori\/wp-content\/uploads\/sites\/11\/2024\/11\/educatie3-300x300.jpg\" alt class=\"img-responsive wp-image-1281\" srcset=\"https:\/\/primaria-online.primaria.eu\/malu-cu-flori\/wp-content\/uploads\/sites\/11\/2024\/11\/educatie3-200x200.jpg 200w, https:\/\/primaria-online.primaria.eu\/malu-cu-flori\/wp-content\/uploads\/sites\/11\/2024\/11\/educatie3.jpg 360w\" sizes=\"(max-width: 640px) 100vw, 300px\" \/><\/span><\/div><\/div><\/div><div class=\"fusion-layout-column fusion_builder_column fusion-builder-column-1 fusion_builder_column_2_3 2_3 fusion-flex-column\" style=\"--awb-bg-size:cover;--awb-width-large:66.666666666667%;--awb-margin-top-large:0px;--awb-spacing-right-large:2.88%;--awb-margin-bottom-large:20px;--awb-spacing-left-large:2.88%;--awb-width-medium:66.666666666667%;--awb-order-medium:0;--awb-spacing-right-medium:2.88%;--awb-spacing-left-medium:2.88%;--awb-width-small:100%;--awb-order-small:0;--awb-spacing-right-small:1.92%;--awb-spacing-left-small:1.92%;\"><div class=\"fusion-column-wrapper fusion-column-has-shadow fusion-flex-justify-content-flex-start fusion-content-layout-column\"><div class=\"fusion-text fusion-text-1\"><p><strong>Descriere:<\/strong><br \/>\nPrim\u0103ria Ora\u0219ului [Nume Ora\u0219] sprijin\u0103 dezvoltarea educa\u021biei prin implementarea de programe \u0219i ini\u021biative care \u00eembun\u0103t\u0103\u021besc accesul, calitatea \u0219i infrastructura educa\u021bional\u0103. Acest serviciu colaboreaz\u0103 cu unit\u0103\u021bile de \u00eenv\u0103\u021b\u0103m\u00e2nt, asocia\u021biile de p\u0103rin\u021bi \u0219i alte institu\u021bii pentru a promova educa\u021bia formal\u0103, non-formal\u0103 \u0219i extracuricular\u0103.<\/p>\n<hr \/>\n<h4><strong>Responsabilit\u0103\u021bi \u0219i atribu\u021bii principale:<\/strong><\/h4>\n<ol>\n<li><strong>Sprijinirea unit\u0103\u021bilor de \u00eenv\u0103\u021b\u0103m\u00e2nt:<\/strong>\n<ul>\n<li>Alocarea de fonduri pentru repara\u021bii, modernizare \u0219i dotare a \u0219colilor \u0219i gr\u0103dini\u021belor.<\/li>\n<li>Acordarea de burse \u0219colare (merit, social, performan\u021b\u0103).<\/li>\n<li>Organizarea programului &#8222;\u0218coal\u0103 dup\u0103 \u0218coal\u0103&#8221; pentru elevii din ciclul primar \u0219i gimnazial.<\/li>\n<\/ul>\n<\/li>\n<li><strong>Infrastructura educa\u021bional\u0103:<\/strong>\n<ul>\n<li>Construirea de noi gr\u0103dini\u021be \u0219i \u0219coli pentru a r\u0103spunde cerin\u021belor comunit\u0103\u021bii.<\/li>\n<li>Digitalizarea s\u0103lilor de clas\u0103 prin dotarea acestora cu table inteligente, laptopuri \u0219i alte echipamente moderne.<\/li>\n<li>Crearea de spa\u021bii pentru activit\u0103\u021bi extracurriculare, precum laboratoare, biblioteci \u0219i s\u0103li de sport.<\/li>\n<\/ul>\n<\/li>\n<li><strong>Ini\u021biative educa\u021bionale \u0219i programe sociale:<\/strong>\n<ul>\n<li>Proiecte pentru reducerea abandonului \u0219colar, \u00een special \u00een comunit\u0103\u021bile vulnerabile.<\/li>\n<li>Campanii de educa\u021bie pentru s\u0103n\u0103tate, mediu \u0219i drepturile copilului.<\/li>\n<li>Sprijinirea elevilor cu nevoi speciale prin integrarea lor \u00een \u0219coli obi\u0219nuite \u0219i oferirea de servicii suplimentare.<\/li>\n<\/ul>\n<\/li>\n<li><strong>Colabor\u0103ri \u0219i parteneriate:<\/strong>\n<ul>\n<li>Colaborarea cu organiza\u021bii locale \u0219i interna\u021bionale pentru proiecte de educa\u021bie non-formal\u0103.<\/li>\n<li>Implicarea p\u0103rin\u021bilor \u00een deciziile \u0219colare prin consilii consultative.<\/li>\n<li>Sprijinirea organiz\u0103rii olimpiadelor \u0219i competi\u021biilor \u0219colare locale.<\/li>\n<\/ul>\n<\/li>\n<li><strong>Educa\u021bia adul\u021bilor:<\/strong>\n<ul>\n<li>Programe de formare continu\u0103 \u0219i recalificare pentru adul\u021bi.<\/li>\n<li>Campanii de alfabetizare pentru grupurile vulnerabile.<\/li>\n<li>Sprijinirea \u00eenv\u0103\u021b\u0103rii pe tot parcursul vie\u021bii prin cursuri \u0219i ateliere gratuite.<\/li>\n<\/ul>\n<\/li>\n<\/ol>\n<\/div><\/div><\/div><\/div><\/div>\n","protected":false},"excerpt":{"rendered":"","protected":false},"author":10,"featured_media":0,"parent":21,"menu_order":0,"comment_status":"closed","ping_status":"closed","template":"100-width.php","meta":{"_acf_changed":false,"footnotes":""},"acf":[],"_links":{"self":[{"href":"https:\/\/primaria-online.primaria.eu\/malu-cu-flori\/wp-json\/wp\/v2\/pages\/1257"}],"collection":[{"href":"https:\/\/primaria-online.primaria.eu\/malu-cu-flori\/wp-json\/wp\/v2\/pages"}],"about":[{"href":"https:\/\/primaria-online.primaria.eu\/malu-cu-flori\/wp-json\/wp\/v2\/types\/page"}],"author":[{"embeddable":true,"href":"https:\/\/primaria-online.primaria.eu\/malu-cu-flori\/wp-json\/wp\/v2\/users\/10"}],"replies":[{"embeddable":true,"href":"https:\/\/primaria-online.primaria.eu\/malu-cu-flori\/wp-json\/wp\/v2\/comments?post=1257"}],"version-history":[{"count":6,"href":"https:\/\/primaria-online.primaria.eu\/malu-cu-flori\/wp-json\/wp\/v2\/pages\/1257\/revisions"}],"predecessor-version":[{"id":1306,"href":"https:\/\/primaria-online.primaria.eu\/malu-cu-flori\/wp-json\/wp\/v2\/pages\/1257\/revisions\/1306"}],"up":[{"embeddable":true,"href":"https:\/\/primaria-online.primaria.eu\/malu-cu-flori\/wp-json\/wp\/v2\/pages\/21"}],"wp:attachment":[{"href":"https:\/\/primaria-online.primaria.eu\/malu-cu-flori\/wp-json\/wp\/v2\/media?parent=1257"}],"curies":[{"name":"wp","href":"https:\/\/api.w.org\/{rel}","templated":true}]}}