{"id":25,"date":"2024-04-12T14:12:45","date_gmt":"2024-04-12T14:12:45","guid":{"rendered":"https:\/\/primaria-online.primaria.eu\/conop\/?page_id=25"},"modified":"2025-05-01T06:06:46","modified_gmt":"2025-05-01T06:06:46","slug":"servicii-online","status":"publish","type":"page","link":"https:\/\/primaria-online.primaria.eu\/conop\/servicii-online\/","title":{"rendered":"Servicii online"},"content":{"rendered":"<div class=\"fusion-fullwidth fullwidth-box fusion-builder-row-1 fusion-flex-container has-pattern-background has-mask-background nonhundred-percent-fullwidth non-hundred-percent-height-scrolling\" style=\"--awb-border-radius-top-left:0px;--awb-border-radius-top-right:0px;--awb-border-radius-bottom-right:0px;--awb-border-radius-bottom-left:0px;--awb-padding-top:80px;--awb-padding-bottom:64px;--awb-background-color:#f0f3ff;\" ><div class=\"fusion-builder-row fusion-row fusion-flex-align-items-flex-start\" style=\"max-width:1248px;margin-left: calc(-4% \/ 2 );margin-right: calc(-4% \/ 2 );\"><div class=\"fusion-layout-column fusion_builder_column fusion-builder-column-0 fusion_builder_column_1_1 1_1 fusion-flex-column\" style=\"--awb-bg-size:cover;--awb-width-large:100%;--awb-margin-top-large:0px;--awb-spacing-right-large:1.92%;--awb-margin-bottom-large:20px;--awb-spacing-left-large:1.92%;--awb-width-medium:100%;--awb-order-medium:0;--awb-spacing-right-medium:1.92%;--awb-spacing-left-medium:1.92%;--awb-width-small:100%;--awb-order-small:0;--awb-spacing-right-small:1.92%;--awb-spacing-left-small:1.92%;\"><div class=\"fusion-column-wrapper fusion-column-has-shadow fusion-flex-justify-content-flex-start fusion-content-layout-column\"><div class=\"fusion-title title fusion-title-1 fusion-sep-none fusion-title-text fusion-title-size-two\" style=\"--awb-text-color:#121827;--awb-font-size:24px;\"><h2 class=\"title-heading-left\" style=\"font-family:&quot;Inter&quot;;font-style:normal;font-weight:700;margin:0;font-size:1em;line-height:32px;\"><h2>Online si rapid toate interactiunile cu primaria<\/h2>\n<p>Prim\u0103ria ofer\u0103 o varietate de servicii online pentru a facilita accesul cet\u0103\u021benilor la informa\u021bii \u0219i proceduri administrative. Iat\u0103 c\u00e2teva dintre aceste servicii:<\/p>\n<p><strong>\u00censcriere \u0219i actualizare date personale:<\/strong> Cet\u0103\u021benii pot solicita \u00eenscrierea \u00een registrele de stare civil\u0103 sau actualizarea datelor personale online.<br \/>\n<strong>Sesiz\u0103ri \u0219i reclama\u021bii:<\/strong> Permite cet\u0103\u021benilor s\u0103 depun\u0103 sesiz\u0103ri sau reclama\u021bii legate de servicii publice sau probleme comunitare.<\/p><\/h2><\/div><div class=\"fusion-builder-row fusion-builder-row-inner fusion-row fusion-flex-align-items-flex-start\" style=\"width:104% !important;max-width:104% !important;margin-left: calc(-4% \/ 2 );margin-right: calc(-4% \/ 2 );\"><div class=\"fusion-layout-column fusion_builder_column_inner fusion-builder-nested-column-0 fusion_builder_column_inner_1_2 1_2 fusion-flex-column post-card home-pc\" style=\"--awb-overflow:hidden;--awb-bg-color:var(--awb-color1);--awb-bg-color-hover:var(--awb-color1);--awb-bg-size:cover;--awb-border-radius:8px 8px 0px 8px;--awb-width-large:50%;--awb-margin-top-large:25px;--awb-spacing-right-large:3.84%;--awb-margin-bottom-large:25px;--awb-spacing-left-large:3.84%;--awb-width-medium:50%;--awb-order-medium:0;--awb-spacing-right-medium:3.84%;--awb-spacing-left-medium:3.84%;--awb-width-small:100%;--awb-order-small:0;--awb-spacing-right-small:1.92%;--awb-spacing-left-small:1.92%;\" data-motion-effects=\"[{&quot;type&quot;:&quot;&quot;,&quot;scroll_type&quot;:&quot;transition&quot;,&quot;scroll_direction&quot;:&quot;up&quot;,&quot;transition_speed&quot;:&quot;1&quot;,&quot;fade_type&quot;:&quot;in&quot;,&quot;scale_type&quot;:&quot;up&quot;,&quot;initial_scale&quot;:&quot;1&quot;,&quot;max_scale&quot;:&quot;1.5&quot;,&quot;min_scale&quot;:&quot;0.5&quot;,&quot;initial_rotate&quot;:&quot;0&quot;,&quot;end_rotate&quot;:&quot;30&quot;,&quot;initial_blur&quot;:&quot;0&quot;,&quot;end_blur&quot;:&quot;3&quot;,&quot;start_element&quot;:&quot;top&quot;,&quot;start_viewport&quot;:&quot;bottom&quot;,&quot;end_element&quot;:&quot;bottom&quot;,&quot;end_viewport&quot;:&quot;top&quot;,&quot;mouse_effect&quot;:&quot;track&quot;,&quot;mouse_effect_direction&quot;:&quot;opposite&quot;,&quot;mouse_effect_speed&quot;:&quot;2&quot;,&quot;infinite_animation&quot;:&quot;float&quot;,&quot;infinite_animation_speed&quot;:&quot;2&quot;}]\" data-scroll-devices=\"small-visibility,medium-visibility,large-visibility\"><div class=\"fusion-column-wrapper fusion-column-has-shadow fusion-flex-justify-content-flex-start fusion-content-layout-column\"><div class=\"fusion-image-element \" style=\"text-align:center;--awb-aspect-ratio:2 \/ 1;--awb-object-position:23% 51%;--awb-margin-bottom:20px;--awb-caption-title-font-family:var(--h2_typography-font-family);--awb-caption-title-font-weight:var(--h2_typography-font-weight);--awb-caption-title-font-style:var(--h2_typography-font-style);--awb-caption-title-size:var(--h2_typography-font-size);--awb-caption-title-transform:var(--h2_typography-text-transform);--awb-caption-title-line-height:var(--h2_typography-line-height);--awb-caption-title-letter-spacing:var(--h2_typography-letter-spacing);\"><span class=\" fusion-imageframe imageframe-none imageframe-1 hover-type-none has-aspect-ratio services-2-img\" class=\"image-magnify\" class=\"image-scroll\"><img decoding=\"async\" width=\"300\" height=\"150\" title=\"Cetateanul digital\" src=\"https:\/\/primaria-online.primaria.eu\/conop\/wp-content\/uploads\/sites\/10\/2025\/02\/Cetateanul-digital-300x150.png\" class=\"img-responsive wp-image-1346 img-with-aspect-ratio\" alt srcset=\"https:\/\/primaria-online.primaria.eu\/conop\/wp-content\/uploads\/sites\/10\/2025\/02\/Cetateanul-digital-200x100.png 200w, https:\/\/primaria-online.primaria.eu\/conop\/wp-content\/uploads\/sites\/10\/2025\/02\/Cetateanul-digital-400x200.png 400w, https:\/\/primaria-online.primaria.eu\/conop\/wp-content\/uploads\/sites\/10\/2025\/02\/Cetateanul-digital.png 405w\" sizes=\"(max-width: 640px) 100vw, 300px\" \/><\/span><\/div><div class=\"fusion-title title fusion-title-2 fusion-sep-none fusion-title-text fusion-title-size-two\" style=\"--awb-text-color:var(--awb-color4);--awb-margin-top:0px;--awb-margin-right:16px;--awb-margin-bottom:0px;--awb-margin-left:16px;--awb-margin-right-small:16px;--awb-margin-left-small:16px;--awb-margin-right-medium:16px;--awb-margin-left-medium:16px;--awb-font-size:18px;\"><h2 class=\"title-heading-left\" style=\"font-family:&quot;Inter&quot;;font-style:normal;font-weight:600;margin:0;font-size:1em;\"><p class=\"title-heading-left\"><a class=\"awb-custom-text-color awb-custom-text-hover-color\" href=\"https:\/\/cetateanul-digital.primaria.eu\/\" target=\"_blank\" rel=\"noopener\">Ceta\u021beanul Digital &gt;<\/a><\/p><\/h2><\/div><div class=\"fusion-text fusion-text-1 fusion-text-no-margin\" style=\"--awb-margin-right:16px;--awb-margin-bottom:16px;--awb-margin-left:16px;\"><p>Autentific\u0103-te \u0219i acceseaz\u0103 serviciile online.<\/p>\n<\/div><\/div><\/div><div class=\"fusion-layout-column fusion_builder_column_inner fusion-builder-nested-column-1 fusion_builder_column_inner_1_2 1_2 fusion-flex-column post-card home-pc\" style=\"--awb-overflow:hidden;--awb-bg-color:var(--awb-color1);--awb-bg-color-hover:var(--awb-color1);--awb-bg-size:cover;--awb-border-radius:8px 8px 0px 8px;--awb-width-large:50%;--awb-margin-top-large:25px;--awb-spacing-right-large:3.84%;--awb-margin-bottom-large:25px;--awb-spacing-left-large:3.84%;--awb-width-medium:50%;--awb-order-medium:0;--awb-spacing-right-medium:3.84%;--awb-spacing-left-medium:3.84%;--awb-width-small:100%;--awb-order-small:0;--awb-spacing-right-small:1.92%;--awb-spacing-left-small:1.92%;\" data-motion-effects=\"[{&quot;type&quot;:&quot;&quot;,&quot;scroll_type&quot;:&quot;transition&quot;,&quot;scroll_direction&quot;:&quot;up&quot;,&quot;transition_speed&quot;:&quot;1&quot;,&quot;fade_type&quot;:&quot;in&quot;,&quot;scale_type&quot;:&quot;up&quot;,&quot;initial_scale&quot;:&quot;1&quot;,&quot;max_scale&quot;:&quot;1.5&quot;,&quot;min_scale&quot;:&quot;0.5&quot;,&quot;initial_rotate&quot;:&quot;0&quot;,&quot;end_rotate&quot;:&quot;30&quot;,&quot;initial_blur&quot;:&quot;0&quot;,&quot;end_blur&quot;:&quot;3&quot;,&quot;start_element&quot;:&quot;top&quot;,&quot;start_viewport&quot;:&quot;bottom&quot;,&quot;end_element&quot;:&quot;bottom&quot;,&quot;end_viewport&quot;:&quot;top&quot;,&quot;mouse_effect&quot;:&quot;track&quot;,&quot;mouse_effect_direction&quot;:&quot;opposite&quot;,&quot;mouse_effect_speed&quot;:&quot;2&quot;,&quot;infinite_animation&quot;:&quot;float&quot;,&quot;infinite_animation_speed&quot;:&quot;2&quot;}]\" data-scroll-devices=\"small-visibility,medium-visibility,large-visibility\"><div class=\"fusion-column-wrapper fusion-column-has-shadow fusion-flex-justify-content-flex-start fusion-content-layout-column\"><div class=\"fusion-image-element \" style=\"--awb-aspect-ratio:2 \/ 1;--awb-object-position:23% 51%;--awb-margin-bottom:20px;--awb-caption-title-font-family:var(--h2_typography-font-family);--awb-caption-title-font-weight:var(--h2_typography-font-weight);--awb-caption-title-font-style:var(--h2_typography-font-style);--awb-caption-title-size:var(--h2_typography-font-size);--awb-caption-title-transform:var(--h2_typography-text-transform);--awb-caption-title-line-height:var(--h2_typography-line-height);--awb-caption-title-letter-spacing:var(--h2_typography-letter-spacing);\"><span class=\" fusion-imageframe imageframe-none imageframe-2 hover-type-none has-aspect-ratio services-2-img\" class=\"image-magnify\" class=\"image-scroll\"><img decoding=\"async\" width=\"300\" height=\"150\" title=\"sesizari online\" src=\"https:\/\/primaria-online.primaria.eu\/conop\/wp-content\/uploads\/sites\/10\/2025\/02\/sesizari-online-300x150.png\" class=\"img-responsive wp-image-1343 img-with-aspect-ratio\" alt srcset=\"https:\/\/primaria-online.primaria.eu\/conop\/wp-content\/uploads\/sites\/10\/2025\/02\/sesizari-online-200x100.png 200w, https:\/\/primaria-online.primaria.eu\/conop\/wp-content\/uploads\/sites\/10\/2025\/02\/sesizari-online-400x200.png 400w, https:\/\/primaria-online.primaria.eu\/conop\/wp-content\/uploads\/sites\/10\/2025\/02\/sesizari-online.png 405w\" sizes=\"(max-width: 640px) 100vw, 300px\" \/><\/span><\/div><div class=\"fusion-title title fusion-title-3 fusion-sep-none fusion-title-text fusion-title-size-two\" style=\"--awb-text-color:var(--awb-color4);--awb-margin-top:0px;--awb-margin-right:16px;--awb-margin-bottom:0px;--awb-margin-left:16px;--awb-margin-right-small:16px;--awb-margin-left-small:16px;--awb-margin-right-medium:16px;--awb-margin-left-medium:16px;--awb-font-size:18px;\"><h2 class=\"title-heading-left\" style=\"font-family:&quot;Inter&quot;;font-style:normal;font-weight:600;margin:0;font-size:1em;\"><p class=\"title-heading-left\"><a class=\"awb-custom-text-color awb-custom-text-hover-color\" href=\"https:\/\/sesizare-online.primaria.eu\/conop\" target=\"_blank\" rel=\"noopener\">Sesizari online\u00a0 &gt;<\/a><\/p><\/h2><\/div><div class=\"fusion-text fusion-text-2 fusion-text-no-margin\" style=\"--awb-margin-right:16px;--awb-margin-bottom:16px;--awb-margin-left:16px;\"><p>Creare sesizari de importanta pentru localitatea noastra<\/p>\n<\/div><\/div><\/div><\/div><\/div><\/div><\/div><\/div>\n","protected":false},"excerpt":{"rendered":"","protected":false},"author":3,"featured_media":0,"parent":0,"menu_order":0,"comment_status":"closed","ping_status":"closed","template":"100-width.php","meta":{"_acf_changed":false,"footnotes":""},"acf":[],"_links":{"self":[{"href":"https:\/\/primaria-online.primaria.eu\/conop\/wp-json\/wp\/v2\/pages\/25"}],"collection":[{"href":"https:\/\/primaria-online.primaria.eu\/conop\/wp-json\/wp\/v2\/pages"}],"about":[{"href":"https:\/\/primaria-online.primaria.eu\/conop\/wp-json\/wp\/v2\/types\/page"}],"author":[{"embeddable":true,"href":"https:\/\/primaria-online.primaria.eu\/conop\/wp-json\/wp\/v2\/users\/3"}],"replies":[{"embeddable":true,"href":"https:\/\/primaria-online.primaria.eu\/conop\/wp-json\/wp\/v2\/comments?post=25"}],"version-history":[{"count":6,"href":"https:\/\/primaria-online.primaria.eu\/conop\/wp-json\/wp\/v2\/pages\/25\/revisions"}],"predecessor-version":[{"id":1470,"href":"https:\/\/primaria-online.primaria.eu\/conop\/wp-json\/wp\/v2\/pages\/25\/revisions\/1470"}],"wp:attachment":[{"href":"https:\/\/primaria-online.primaria.eu\/conop\/wp-json\/wp\/v2\/media?parent=25"}],"curies":[{"name":"wp","href":"https:\/\/api.w.org\/{rel}","templated":true}]}}