{"id":1494,"date":"2025-05-01T07:35:13","date_gmt":"2025-05-01T07:35:13","guid":{"rendered":"https:\/\/primaria-online.primaria.eu\/conop\/?page_id=1494"},"modified":"2025-05-01T07:46:19","modified_gmt":"2025-05-01T07:46:19","slug":"despre-conop","status":"publish","type":"page","link":"https:\/\/primaria-online.primaria.eu\/conop\/primaria\/despre-conop\/","title":{"rendered":"Despre Conop"},"content":{"rendered":"<div class=\"fusion-fullwidth fullwidth-box fusion-builder-row-1 fusion-flex-container has-pattern-background has-mask-background nonhundred-percent-fullwidth non-hundred-percent-height-scrolling\" style=\"--awb-border-radius-top-left:0px;--awb-border-radius-top-right:0px;--awb-border-radius-bottom-right:0px;--awb-border-radius-bottom-left:0px;--awb-padding-top:80px;--awb-padding-bottom:80px;--awb-background-color:#f9fafb;\" ><div class=\"fusion-builder-row fusion-row fusion-flex-align-items-flex-start\" style=\"max-width:1248px;margin-left: calc(-4% \/ 2 );margin-right: calc(-4% \/ 2 );\"><div class=\"fusion-layout-column fusion_builder_column fusion-builder-column-0 fusion_builder_column_1_1 1_1 fusion-flex-column primar-text-column\" style=\"--awb-bg-size:cover;--awb-width-large:100%;--awb-margin-top-large:0px;--awb-spacing-right-large:1.92%;--awb-margin-bottom-large:20px;--awb-spacing-left-large:1.92%;--awb-width-medium:100%;--awb-order-medium:0;--awb-spacing-right-medium:1.92%;--awb-spacing-left-medium:1.92%;--awb-width-small:100%;--awb-order-small:0;--awb-spacing-right-small:1.92%;--awb-spacing-left-small:1.92%;\" data-motion-effects=\"[{&quot;type&quot;:&quot;&quot;,&quot;scroll_type&quot;:&quot;transition&quot;,&quot;scroll_direction&quot;:&quot;up&quot;,&quot;transition_speed&quot;:&quot;1&quot;,&quot;fade_type&quot;:&quot;in&quot;,&quot;scale_type&quot;:&quot;up&quot;,&quot;initial_scale&quot;:&quot;1&quot;,&quot;max_scale&quot;:&quot;1.5&quot;,&quot;min_scale&quot;:&quot;0.5&quot;,&quot;initial_rotate&quot;:&quot;0&quot;,&quot;end_rotate&quot;:&quot;30&quot;,&quot;initial_blur&quot;:&quot;0&quot;,&quot;end_blur&quot;:&quot;3&quot;,&quot;start_element&quot;:&quot;top&quot;,&quot;start_viewport&quot;:&quot;bottom&quot;,&quot;end_element&quot;:&quot;bottom&quot;,&quot;end_viewport&quot;:&quot;top&quot;,&quot;mouse_effect&quot;:&quot;track&quot;,&quot;mouse_effect_direction&quot;:&quot;opposite&quot;,&quot;mouse_effect_speed&quot;:&quot;2&quot;,&quot;infinite_animation&quot;:&quot;float&quot;,&quot;infinite_animation_speed&quot;:&quot;2&quot;}]\" data-scroll-devices=\"small-visibility,medium-visibility,large-visibility\"><div class=\"fusion-column-wrapper fusion-column-has-shadow fusion-flex-justify-content-flex-start fusion-content-layout-column\"><div class=\"fusion-text fusion-text-1\" style=\"--awb-margin-top:0px;\"><h3>Prezentare<\/h3>\n<hr \/>\n<p>In comuna Conop se poate ajunge parasind Odvosul si continuand drumul in directia estica. Langa sosea se gaseste castelul din Conop, construit la sfarsitul secolului al XVIII-lea. In forma actuala are un caracter neoclasic, impunandu-se mai ales prin simplitatea stilului. In acest sens remarcam fatada situata in partea dinspre parc, ornamentata cu masive coloane cu capiteluri in stil doric.<\/p>\n<p>In aceasta localitate a existat o biserica de lemn cu hramul \u201eCuvioasa Paraschiva\u201d construita cu mult inainte de 1755. In anul 1780, locasul era in ruina si in consecinta, doi ani mai tarziu, in 1782, se inalta o noua biserica de lemn. Dupa ce la inceputul secolului al XX-lea a fost construita actuala biserica de caramida, in anul 1910 vechiul locas a fost vandut credinciosului Petru Sarbu din Conop pentru suma de 821 coroane. In acest mod au fost distruse picturile de pe iconostas si din interiorul bisericii, preotul Ioan Blaj recuperand o icoana din lemn su Sfantul Simeon si proscomidierul pictat la inceputul secolului al XIX-lea. Pictura interiorului a fost executata in 1936-1937 de Iulian Toader din Arad.<\/p>\n<p>La marginea estica a comunei, langa sosea pe dealul Pripor, se ridica un mic monument, prevazut cu o icoana ridicat in acest loc de catre locuitorii comunei in amintirea eroilor care si-au dat viata in aceste parti in 1784 si 1848 pentru libertate. In partea opusa a soselei o carare coboara pana in albia Muresului, de unde cu un pod plutitor se poate trece pe malul sudic unde la o distanta de 1 km se gasesc ruinele cetatii Chelmac. Pornind de la Conop spre Barzava se desprinde spre stanga un drum comunal care dupa ce strabate o vale pitoreasca si urca panta dealului, duce la 8 km la cabana Debelagora. Situata la o altitudine de 500m, pe un frumos platou plesuv, inconjurat de paduri, cabana ofera un reconfortant loc de odihna. Cabana dispune de camere pentru dormit si un mic bufet. In timpul verii sunt instalate aici campinguri.<\/p>\n<p><em><strong>Castelul Conop:<\/strong><\/em>\u00a0Castelul este situat \u00een satul Odvo\u0219, comuna Conop, la 50 de km de municipiul Arad. Castelul a apar\u021binut familiei nobiliare de origine maghiar\u0103 Konopi si dateaz\u0103 din perioada anilor 1650 \u2013 1700, iar pe parcursul anilor a suferit diverse modific\u0103ri \u0219i transform\u0103ri. Ultimul urma\u0219 al familiei Konopi, Baronul Coloman Konopi (1880-1947), a fost inginer \u0219i cercet\u0103tor agricol, fiind inventator al gr\u00e2ului de Conop. Inainte s\u0103 moar\u0103 l-a \u00eenfiat cu drepturi depline pe colaboratorul sau, Gheorghe Lenghyel, conferindu-i astfel titlul de Baron.<\/p>\n<\/div><div class=\"awb-gallery-wrapper awb-gallery-wrapper-1 button-span-no\" style=\"--more-btn-alignment:center;\"><div style=\"margin:-5px;--awb-bordersize:0px;\" class=\"fusion-gallery fusion-gallery-container fusion-grid-3 fusion-columns-total-4 fusion-gallery-layout-masonry fusion-gallery-1\"><div class=\"fusion-grid-column fusion-gallery-column fusion-gallery-column-3 hover-type-none fusion-grid-sizer\"><\/div><div style=\"padding:5px;\" class=\"fusion-grid-column fusion-gallery-column fusion-gallery-column-3 hover-type-none fusion-element-grid\"><div class=\"fusion-gallery-image\"><div style=\"background-image:url(https:\/\/primaria-online.primaria.eu\/conop\/wp-content\/uploads\/sites\/10\/2025\/03\/1.jpg);padding-top:calc((100% + 10px) * 0.8 - 5px);background-position:;\" class=\"fusion-masonry-element-container\"><img decoding=\"async\" src=\"https:\/\/primaria-online.primaria.eu\/conop\/wp-content\/uploads\/sites\/10\/2025\/03\/1.jpg\" width=\"599\" height=\"419\" alt=\"\" title=\"1\" aria-label=\"1\" class=\"img-responsive wp-image-1408\" srcset=\"https:\/\/primaria-online.primaria.eu\/conop\/wp-content\/uploads\/sites\/10\/2025\/03\/1-200x140.jpg 200w, https:\/\/primaria-online.primaria.eu\/conop\/wp-content\/uploads\/sites\/10\/2025\/03\/1-400x280.jpg 400w, https:\/\/primaria-online.primaria.eu\/conop\/wp-content\/uploads\/sites\/10\/2025\/03\/1.jpg 599w\" sizes=\"(min-width: 2200px) 100vw, (min-width: 784px) 397px, (min-width: 712px) 595px, (min-width: 640px) 712px, \" \/><\/div><\/div><\/div><div style=\"padding:5px;\" class=\"fusion-grid-column fusion-gallery-column fusion-gallery-column-3 hover-type-none fusion-element-landscape\"><div class=\"fusion-gallery-image\"><div style=\"background-image:url(https:\/\/primaria-online.primaria.eu\/conop\/wp-content\/uploads\/sites\/10\/2025\/03\/8.jpg);padding-top:calc((100% + 10px) * 0.4 - 5px);background-position:;\" class=\"fusion-masonry-element-container\"><img decoding=\"async\" src=\"https:\/\/primaria-online.primaria.eu\/conop\/wp-content\/uploads\/sites\/10\/2025\/03\/8.jpg\" width=\"800\" height=\"449\" alt=\"\" title=\"8\" aria-label=\"8\" class=\"img-responsive wp-image-1409\" srcset=\"https:\/\/primaria-online.primaria.eu\/conop\/wp-content\/uploads\/sites\/10\/2025\/03\/8-200x112.jpg 200w, https:\/\/primaria-online.primaria.eu\/conop\/wp-content\/uploads\/sites\/10\/2025\/03\/8-400x225.jpg 400w, https:\/\/primaria-online.primaria.eu\/conop\/wp-content\/uploads\/sites\/10\/2025\/03\/8-600x337.jpg 600w, https:\/\/primaria-online.primaria.eu\/conop\/wp-content\/uploads\/sites\/10\/2025\/03\/8.jpg 800w\" sizes=\"(min-width: 2200px) 100vw, (min-width: 640px) 1200px, \" \/><\/div><\/div><\/div><div style=\"padding:5px;\" class=\"fusion-grid-column fusion-gallery-column fusion-gallery-column-3 hover-type-none fusion-element-grid\"><div class=\"fusion-gallery-image\"><div style=\"background-image:url(https:\/\/primaria-online.primaria.eu\/conop\/wp-content\/uploads\/sites\/10\/2025\/03\/3.jpg);padding-top:calc((100% + 10px) * 0.8 - 5px);background-position:;\" class=\"fusion-masonry-element-container\"><img decoding=\"async\" src=\"https:\/\/primaria-online.primaria.eu\/conop\/wp-content\/uploads\/sites\/10\/2025\/03\/3.jpg\" width=\"650\" height=\"480\" alt=\"\" title=\"3\" aria-label=\"3\" class=\"img-responsive wp-image-1414\" srcset=\"https:\/\/primaria-online.primaria.eu\/conop\/wp-content\/uploads\/sites\/10\/2025\/03\/3-200x148.jpg 200w, https:\/\/primaria-online.primaria.eu\/conop\/wp-content\/uploads\/sites\/10\/2025\/03\/3-400x295.jpg 400w, https:\/\/primaria-online.primaria.eu\/conop\/wp-content\/uploads\/sites\/10\/2025\/03\/3-600x443.jpg 600w, https:\/\/primaria-online.primaria.eu\/conop\/wp-content\/uploads\/sites\/10\/2025\/03\/3.jpg 650w\" sizes=\"(min-width: 2200px) 100vw, (min-width: 784px) 397px, (min-width: 712px) 595px, (min-width: 640px) 712px, \" \/><\/div><\/div><\/div><div style=\"padding:5px;\" class=\"fusion-grid-column fusion-gallery-column fusion-gallery-column-3 hover-type-none fusion-element-landscape\"><div class=\"fusion-gallery-image\"><div style=\"background-image:url(https:\/\/primaria-online.primaria.eu\/conop\/wp-content\/uploads\/sites\/10\/2024\/04\/konopi.jpg);padding-top:calc((100% + 10px) * 0.4 - 5px);background-position:;\" class=\"fusion-masonry-element-container\"><img decoding=\"async\" src=\"https:\/\/primaria-online.primaria.eu\/conop\/wp-content\/uploads\/sites\/10\/2024\/04\/konopi.jpg\" width=\"1241\" height=\"576\" alt=\"\" title=\"konopi\" aria-label=\"konopi\" class=\"img-responsive wp-image-1463\" srcset=\"https:\/\/primaria-online.primaria.eu\/conop\/wp-content\/uploads\/sites\/10\/2024\/04\/konopi-200x93.jpg 200w, https:\/\/primaria-online.primaria.eu\/conop\/wp-content\/uploads\/sites\/10\/2024\/04\/konopi-400x186.jpg 400w, https:\/\/primaria-online.primaria.eu\/conop\/wp-content\/uploads\/sites\/10\/2024\/04\/konopi-600x278.jpg 600w, https:\/\/primaria-online.primaria.eu\/conop\/wp-content\/uploads\/sites\/10\/2024\/04\/konopi-800x371.jpg 800w, https:\/\/primaria-online.primaria.eu\/conop\/wp-content\/uploads\/sites\/10\/2024\/04\/konopi-1200x557.jpg 1200w, https:\/\/primaria-online.primaria.eu\/conop\/wp-content\/uploads\/sites\/10\/2024\/04\/konopi.jpg 1241w\" sizes=\"(min-width: 2200px) 100vw, (min-width: 640px) 1200px, \" \/><\/div><\/div><\/div><\/div><\/div><div class=\"fusion-text fusion-text-2\" style=\"--awb-margin-top:0px;\"><h3>Localizare<\/h3>\n<hr \/>\n<\/div><iframe src=\"https:\/\/www.google.com\/maps\/embed?pb=!1m14!1m8!1m3!1d105010.11218819412!2d21.878468!3d46.10179200000001!3m2!1i1024!2i768!4f13.1!3m3!1m2!1s0x474f6534945ae9e5%3A0xb7e0f8448a95f132!2sPrim%C4%83ria%20Conop!5e1!3m2!1sro!2sro!4v1746084845987!5m2!1sro!2sro\" width=\"1400\" height=\"450\" style=\"border:0;\" allowfullscreen=\"\" loading=\"lazy\" referrerpolicy=\"no-referrer-when-downgrade\"><\/iframe><\/div><\/div><\/div><\/div>\n","protected":false},"excerpt":{"rendered":"","protected":false},"author":15,"featured_media":0,"parent":12,"menu_order":0,"comment_status":"closed","ping_status":"closed","template":"100-width.php","meta":{"_acf_changed":false,"footnotes":""},"acf":[],"_links":{"self":[{"href":"https:\/\/primaria-online.primaria.eu\/conop\/wp-json\/wp\/v2\/pages\/1494"}],"collection":[{"href":"https:\/\/primaria-online.primaria.eu\/conop\/wp-json\/wp\/v2\/pages"}],"about":[{"href":"https:\/\/primaria-online.primaria.eu\/conop\/wp-json\/wp\/v2\/types\/page"}],"author":[{"embeddable":true,"href":"https:\/\/primaria-online.primaria.eu\/conop\/wp-json\/wp\/v2\/users\/15"}],"replies":[{"embeddable":true,"href":"https:\/\/primaria-online.primaria.eu\/conop\/wp-json\/wp\/v2\/comments?post=1494"}],"version-history":[{"count":8,"href":"https:\/\/primaria-online.primaria.eu\/conop\/wp-json\/wp\/v2\/pages\/1494\/revisions"}],"predecessor-version":[{"id":1503,"href":"https:\/\/primaria-online.primaria.eu\/conop\/wp-json\/wp\/v2\/pages\/1494\/revisions\/1503"}],"up":[{"embeddable":true,"href":"https:\/\/primaria-online.primaria.eu\/conop\/wp-json\/wp\/v2\/pages\/12"}],"wp:attachment":[{"href":"https:\/\/primaria-online.primaria.eu\/conop\/wp-json\/wp\/v2\/media?parent=1494"}],"curies":[{"name":"wp","href":"https:\/\/api.w.org\/{rel}","templated":true}]}}